{"id":64,"date":"2016-01-14T13:49:30","date_gmt":"2016-01-14T12:49:30","guid":{"rendered":"http:\/\/vt-nrw.de\/wordpress\/?page_id=64"},"modified":"2016-01-19T10:57:56","modified_gmt":"2016-01-19T09:57:56","slug":"infrastruktur","status":"publish","type":"page","link":"http:\/\/vt-nrw.de\/wordpress\/service\/infrastruktur\/","title":{"rendered":"Infrastruktur"},"content":{"rendered":"<p style=\"text-align: center;\"><strong>Wir bieten Ihnen Infrastrukturl\u00f6sungen:<\/strong><\/p>\n<ul>\n<li style=\"text-align: center;\">Absperrtechnik<\/li>\n<li style=\"text-align: center;\">Sicherheitstechnik<\/li>\n<li style=\"text-align: center;\">Stromversorgung<\/li>\n<li style=\"text-align: center;\">Wasserversorgung<\/li>\n<\/ul>\n<p style=\"text-align: left; padding-left: 30px;\">Der Infrastrukturbereich ist ein wichtiger Bereich f\u00fcr eine gute Basis Ihrer Veranstaltung. Eine reibungslose Strom- und Wasserversorgung, die von unseren Fachkr\u00e4ften installiert wird, garantiert einen stressfreien Ablauf Ihres Events. F\u00fcr Konzerte und gr\u00f6\u00dfere Veranstaltungen sind Sicherheits- und Absperrtechnik unverzichtbare Bestandteile. Vom Feuerl\u00f6scher \u00fcber Notausgangsbeschilderung bis zum Einlasssystem bieten wir Ihnen ein bereites Spektrum an Zubeh\u00f6r.<\/p>\n<p style=\"text-align: left; padding-left: 30px;\">\n<p style=\"text-align: left; padding-left: 30px;\">\n<p style=\"text-align: left; padding-left: 210px;\">\n","protected":false},"excerpt":{"rendered":"<p>Wir bieten Ihnen Infrastrukturl\u00f6sungen: Absperrtechnik Sicherheitstechnik Stromversorgung Wasserversorgung Der Infrastrukturbereich ist ein wichtiger Bereich f\u00fcr eine gute Basis Ihrer Veranstaltung. Eine reibungslose Strom- und Wasserversorgung, die von unseren Fachkr\u00e4ften installiert wird, garantiert einen stressfreien Ablauf Ihres Events. F\u00fcr Konzerte und gr\u00f6\u00dfere Veranstaltungen sind Sicherheits- und Absperrtechnik unverzichtbare Bestandteile. Vom Feuerl\u00f6scher \u00fcber Notausgangsbeschilderung bis zum Einlasssystem [&hellip;]<\/p>\n","protected":false},"author":1,"featured_media":0,"parent":19,"menu_order":0,"comment_status":"closed","ping_status":"closed","template":"","meta":[],"_links":{"self":[{"href":"http:\/\/vt-nrw.de\/wordpress\/wp-json\/wp\/v2\/pages\/64"}],"collection":[{"href":"http:\/\/vt-nrw.de\/wordpress\/wp-json\/wp\/v2\/pages"}],"about":[{"href":"http:\/\/vt-nrw.de\/wordpress\/wp-json\/wp\/v2\/types\/page"}],"author":[{"embeddable":true,"href":"http:\/\/vt-nrw.de\/wordpress\/wp-json\/wp\/v2\/users\/1"}],"replies":[{"embeddable":true,"href":"http:\/\/vt-nrw.de\/wordpress\/wp-json\/wp\/v2\/comments?post=64"}],"version-history":[{"count":8,"href":"http:\/\/vt-nrw.de\/wordpress\/wp-json\/wp\/v2\/pages\/64\/revisions"}],"predecessor-version":[{"id":123,"href":"http:\/\/vt-nrw.de\/wordpress\/wp-json\/wp\/v2\/pages\/64\/revisions\/123"}],"up":[{"embeddable":true,"href":"http:\/\/vt-nrw.de\/wordpress\/wp-json\/wp\/v2\/pages\/19"}],"wp:attachment":[{"href":"http:\/\/vt-nrw.de\/wordpress\/wp-json\/wp\/v2\/media?parent=64"}],"curies":[{"name":"wp","href":"https:\/\/api.w.org\/{rel}","templated":true}]}}